91?
3, 7, 13, 167
What are the prime factors of 1922?
2, 31
List the prime factors of 2654.
2, 1327
What are the prime factors of 17529?
3, 5843
What are the prime factors of 36390?
2, 3, 5, 1213
List the prime factors of 2996.
2, 7, 107
List the prime factors of 7252.
2, 7, 37
What are the prime factors of 33903?
3, 3767
What are the prime factors of 138?
2, 3, 23
What are the prime factors of 7481?
7481
What are the prime factors of 71586?
2, 3, 41, 97
List the prime factors of 140.
2, 5, 7
What are the prime factors of 37?
37
What are the prime factors of 502?
2, 251
What are the prime factors of 3443?
11, 313
List the prime factors of 933.
3, 311
What are the prime factors of 2446?
2, 1223
List the prime factors of 2323.
23, 101
What are the prime factors of 6830?
2, 5, 683
List the prime factors of 16139.
16139
What are the prime factors of 21614?
2, 101, 107
What are the prime factors of 163383?
3, 11, 4951
List the prime factors of 73800.
2, 3, 5, 41
What are the prime factors of 120333?
3, 40111
What are the prime factors of 707?
7, 101
What are the prime factors of 534?
2, 3, 89
List the prime factors of 50573.
103, 491
List the prime factors of 75155.
5, 15031
List the prime factors of 29012.
2, 7253
What are the prime factors of 30190?
2, 5, 3019
What are the prime factors of 5633?
43, 131
List the prime factors of 24283.
7, 3469
What are the prime factors of 3487?
11, 317
List the prime factors of 2623.
43, 61
What are the prime factors of 1057?
7, 151
What are the prime factors of 21355?
5, 4271
List the prime factors of 9399.
3, 13, 241
What are the prime factors of 144786?
2, 3, 59, 409
List the prime factors of 55609.
55609
What are the prime factors of 10380?
2, 3, 5, 173
List the prime factors of 3836.
2, 7, 137
List the prime factors of 1600.
2, 5
What are the prime factors of 13636?
2, 7, 487
List the prime factors of 387.
3, 43
What are the prime factors of 54752?
2, 29, 59
What are the prime factors of 7680?
2, 3, 5
What are the prime factors of 10725?
3, 5, 11, 13
What are the prime factors of 973?
7, 139
What are the prime factors of 18172?
2, 7, 11, 59
List the prime factors of 21231.
3, 7, 337
List the prime factors of 24125.
5, 193
List the prime factors of 1709.
1709
List the prime factors of 3396.
2, 3, 283
What are the prime factors of 9496?
2, 1187
What are the prime factors of 2423?
2423
List the prime factors of 66497.
29, 2293
List the prime factors of 1643.
31, 53
List the prime factors of 2625.
3, 5, 7
List the prime factors of 6649.
61, 109
List the prime factors of 6422.
2, 13, 19
What are the prime factors of 12277?
12277
List the prime factors of 12053.
17, 709
What are the prime factors of 47288?
2, 23, 257
List the prime factors of 10096.
2, 631
What are the prime factors of 1754?
2, 877
List the prime factors of 69019.
69019
What are the prime factors of 324?
2, 3
List the prime factors of 9591.
3, 23, 139
What are the prime factors of 88610?
2, 5, 8861
List the prime factors of 408.
2, 3, 17
What are the prime factors of 7711?
11, 701
What are the prime factors of 123197?
349, 353
What are the prime factors of 43929?
3, 1627
List the prime factors of 809.
809
What are the prime factors of 107550?
2, 3, 5, 239
List the prime factors of 143623.
31, 41, 113
What are the prime factors of 62363?
7, 59, 151
What are the prime factors of 4653?
3, 11, 47
What are the prime factors of 1300?
2, 5, 13
What are the prime factors of 44847?
3, 11, 151
List the prime factors of 5592.
2, 3, 233
List the prime factors of 49034.
2, 24517
List the prime factors of 134.
2, 67
What are the prime factors of 1788?
2, 3, 149
List the prime factors of 54137.
43, 1259
What are the prime factors of 43204?
2, 7, 1543
What are the prime factors of 840?
2, 3, 5, 7
List the prime factors of 2883.
3, 31
List the prime factors of 1105.
5, 13, 17
What are the prime factors of 73195?
5, 14639
What are the prime factors of 660?
2, 3, 5, 11
What are the prime factors of 1285?
5, 257
What are the prime factors of 6753?
3, 2251
List the prime factors of 10271.
10271
List the prime factors of 1302.
2, 3, 7, 31
What are the prime factors of 2796?
2, 3, 233
List the prime factors of 46860.
2, 3, 5, 11, 71
What are the prime factors of 14169?
3, 4723
What are the prime factors of 31077?
3, 1151
What are the prime factors of 15561?
3, 7, 13, 19
What are the prime factors of 1533?
3, 7, 73
List the prime factors of 14965.
5, 41, 73
List the prime factors of 32995.
5, 6599
List the prime factors of 9124.
2, 2281
List the prime factors of 20719.
20719
What are the prime factors of 2054?
2, 13, 79
What are the prime factors of 3162?
2, 3, 17, 31
List the prime factors of 3905.
5, 11, 71
What are the prime factors of 13889?
17, 19, 43
List the prime factors of 3758.
2, 1879
List the prime factors of 6528.
2, 3, 17
List the prime factors of 2650.
2, 5, 53
List the prime factors of 148348.
2, 37087
List the prime factors of 3915.
3, 5, 29
List the prime factors of 32899.
167, 197
List the prime factors of 4439.
23, 193
What are the prime factors of 3652?
2, 11, 83
List the prime factors of 4446.
2, 3, 13, 19
What are the prime factors of 77?
7, 11
List the prime factors of 342.
2, 3, 19
List the prime factors of 7137.
3, 13, 61
List the prime factors of 1618.
2, 809
List the prime factors of 2117.
29, 73
List the prime factors of 34238.
2, 17, 19, 53
What are the prime factors of 2364?
2, 3, 197
List the prime factors of 7259.
7, 17, 61
What are the prime factors of 53491?
149, 359
What are the prime factors of 10714?
2, 11, 487
What are the prime factors of 4180?
2, 5, 11, 19
List the prime factors of 44516.
2, 31, 359
List the prime factors of 15232.
2, 7, 17
List the prime factors of 1921.
17, 113
What are the prime factors of 4674?
2, 3, 19, 41
What are the prime factors of 26123?
151, 173
What are the prime factors of 5953?
5953
List the prime factors of 32991.
3, 7, 1571
What are the prime factors of 10005?
3, 5, 23, 29
List the prime factors of 1195.
5, 239
What are the prime factors of 157796?
2, 103, 383
List the prime factors of 152279.
29, 59, 89
What are the prime factors of 55700?
2, 5, 557
What are the prime factors of 14658?
2, 3, 7, 349
List the prime factors of 73774.
2, 36887
What are the prime factors of 24797?
137, 181
What are the prime factors of 4059?
3, 11, 41
What are the prime factors of 853?
853
List the prime factors of 10258.
2, 23, 223
What are the prime factors of 789?
3, 263
What are the prime factors of 990?
2, 3, 5, 11
List the prime factors of 13637.
13, 1049
List the prime factors of 670.
2, 5, 67
List the prime factors of 1344.
2, 3, 7
What are the prime factors of 4960?
2, 5, 31
List the prime factors of 42086.
2, 11, 1913
What are the prime factors of 3339?
3, 7, 53
What are the prime factors of 1790?
2, 5, 179
What are the prime factors of 1552?
2, 97
What are the prime factors of 1125?
3, 5
List the prime factors of 57271.
57271
What are the prime factors of 124?
2, 31
What are the prime factors of 24066?
2, 3, 7, 191
List the prime factors of 17385.
3, 5, 19, 61
List the prime factors of 2437.
2437
List the prime factors of 3784.
2, 11, 43
List the prime factors of 19220.
2, 5, 31
What are the prime factors of 6180?
2, 3, 5, 103
What are the prime factors of 2991?
3, 997
List the prime factors of 2688.
2, 3, 7
What are the prime factors of 3668?
2, 7, 131
What are the prime factors of 5954?
2, 13, 229
What are the prime factors of 46555?
5, 9311
What are the prime factors of 4266?
2, 3, 79
What are the prime factors of 52524?
2, 3, 1459
List the prime factors of 2318.
2, 19, 61
List the prime factors of 33814.
2, 11, 29, 53
What are the prime factors of 18636?
2, 3, 1553
What are the prime factors of 1513?
17, 89
What are the prime factors of 1600?
2, 5
List the prime factors of 12992.
2, 7, 29
What are the prime factors of 1126?
2, 563
List the prime factors of 1869.
3, 7, 89
What are the prime factors of 2916?
2, 3
List the prime factors of 18799.
11, 1709
What are the prime factors of 10177?
10177
What are the prime factors of 84392?
2, 7, 11, 137
List the prime factors of 25863.
3, 37, 233
What are the prime factors of 31368?
2, 3, 1307
What are the prime factors of 74416?
2, 4651
List the prime fact